{"id":16,"date":"2019-12-18T18:24:42","date_gmt":"2019-12-18T17:24:42","guid":{"rendered":"https:\/\/bitte.kaufen\/blog\/?page_id=16"},"modified":"2026-02-23T09:35:28","modified_gmt":"2026-02-23T08:35:28","slug":"ueber-uns","status":"publish","type":"page","link":"https:\/\/bitte.kaufen\/magazin\/ueber-uns\/","title":{"rendered":"\u00dcber uns - bitte.kaufen"},"content":{"rendered":"\n<h1 class=\"wp-block-heading\">\u00dcber uns - bitte.kaufen<\/h1>\n\n\n\n<p><a href=\"https:\/\/bitte.kaufen\">bitte.kaufen<\/a> ist unser Herzensprojekt, das aus Mamaskind entstand, meinem Elternblog. Jedes Jahr werden wir gleich mehrfach gefragt, was sich unsere Kinder w\u00fcnschen. Bei drei Kindern und so vielen Anl\u00e4ssen kommt das regelm\u00e4\u00dfig vor. <\/p>\n\n\n\n<p>Das Problem: Es gab f\u00fcr uns keinen <strong>Online-Wunschzettel<\/strong>, der unseren Anspr\u00fcchen gen\u00fcgte. Deshalb bastelten wir mit <strong>bitte.kaufen<\/strong> selbst einen.<\/p>\n\n\n\n<p>Auf <strong>bitte.kaufen <\/strong>soll jeder, ob 6 oder 60 Jahre alt, seine <strong>W\u00fcnsche einfach aufschreiben und teilen<\/strong> k\u00f6nnen. Die Benutzung soll Spa\u00df machen und leicht sein. Selbst unsere Omas und Opas sollen mit unserer Online-Wunschliste zurechtkommen.<\/p>\n\n\n\n<h2 class=\"wp-block-heading\">Andere Wunschzettel-Plattformen sind zu kompliziert!<\/h2>\n\n\n\n<p>Bisher teilten wir stets Wunschzettel eines gro\u00dfen Versandunternehmens, doch von einer Plattform abh\u00e4ngig sein - das wollten wir nicht mehr. <\/p>\n\n\n\n<p>Zu oft kamen verzweifelte Anrufe bzgl. Doppelbestellungen, weil Oma statt auf den Wunschzettellink auf \"kauften auch\" klickten. So stand unsere Tochter mit dem geliebten Puppenwagen beinahe doppelt da.<\/p>\n\n\n\n<p>Das kann doch nicht so schwer sein, einen Wunschzettel zu kreieren, der einfach UND h\u00fcbsch ist, und dabei nicht meine Seele als Tausch gegen Daten haben will, oder?<\/p>\n\n\n<div class=\"wp-block-image\">\n<figure class=\"aligncenter size-full\"><img decoding=\"async\" width=\"597\" height=\"413\" src=\"https:\/\/bitte.kaufen\/magazin\/wp-content\/uploads\/2019\/12\/geschenk-kuscheltier-kleinkind-bitte-kaufen-1.jpg\" alt=\"Geschenk: Kuscheltier f\u00fcr ein Baby bitte.kaufen - Mehr zum Online-Wunschzettel bitte.kaufen findest du auf https:\/\/bitte.kaufen\" class=\"wp-image-26\" style=\"object-fit:cover\" srcset=\"https:\/\/bitte.kaufen\/magazin\/wp-content\/uploads\/2019\/12\/geschenk-kuscheltier-kleinkind-bitte-kaufen-1.jpg 597w, https:\/\/bitte.kaufen\/magazin\/wp-content\/uploads\/2019\/12\/geschenk-kuscheltier-kleinkind-bitte-kaufen-1-300x208.jpg 300w\" sizes=\"(max-width: 597px) 100vw, 597px\" \/><figcaption class=\"wp-element-caption\">Sarah Mitgr\u00fcnderin von bitte.kaufen<\/figcaption><\/figure>\n<\/div>\n\n\n<h2 class=\"wp-block-heading\" id=\"h-bitte-kaufen-von-eltern-gemacht\">bitte.kaufen - von Eltern gemacht<\/h2>\n\n\n\n<p>Wir, <strong>Sarah &amp; Sascha<\/strong>, haben es deshalb selbst in die Hand genommen und eine <strong>Wunschliste f\u00fcr Kinder, Eltern, Gro\u00dfeltern, Familien, Freunde &amp; TierliebhaberInnen<\/strong> erstellt. Eine Liste f\u00fcr jeden. Ach was, mehrere Listen f\u00fcr jeden! <\/p>\n\n\n\n<p>Ob zur Geburt, zum Geburtstag, Weihnachten, Hochzeit, Ostern oder Jugendweihe - <strong>bitte.kaufen<\/strong> begleitet uns als plattformunabh\u00e4ngige L\u00f6sung durch das W\u00fcnsche-Chaos. Denn W\u00fcnsche haben unsere Kinder viele. \ud83d\ude09<\/p>\n\n\n\n<blockquote class=\"wp-block-quote is-layout-flow wp-block-quote-is-layout-flow\">\n<p>Und wann startest du mit deiner Liste?<\/p>\n<\/blockquote>\n\n\n\n<ul class=\"wp-block-list\">\n<li>Zur <a href=\"https:\/\/bitte.kaufen\/wunschzettel\">Wunschlisten-\u00dcbersicht<\/a>, wo du deinen ersten <a href=\"https:\/\/bitte.kaufen\/magazin\/wunschliste-erstellen\/\" data-type=\"post\" data-id=\"20488\">Wunschzettel erstellen<\/a> kannst.<\/li>\n<\/ul>\n\n\n\n<h2 class=\"wp-block-heading\">Gr\u00fcnder von bitte.kaufen<\/h2>\n\n\n\n<h2 class=\"wp-block-heading\">Sarah Depold - Marketing &amp; Kundensupport<\/h2>\n\n\n\n<div class=\"wp-block-media-text alignwide is-stacked-on-mobile is-image-fill-element\"><figure class=\"wp-block-media-text__media\"><img decoding=\"async\" width=\"1200\" height=\"1200\" src=\"https:\/\/bitte.kaufen\/magazin\/wp-content\/uploads\/2021\/10\/sarah-depold-seo-kurse-1200x1200.jpg\" alt=\"Sarah Depold - Gr\u00fcnderin und Bloggerin - Mamaskind.de\" class=\"wp-image-23551 size-full\" style=\"object-position:47% 21%\" srcset=\"https:\/\/bitte.kaufen\/magazin\/wp-content\/uploads\/2021\/10\/sarah-depold-seo-kurse.jpg 1200w, https:\/\/bitte.kaufen\/magazin\/wp-content\/uploads\/2021\/10\/sarah-depold-seo-kurse-300x300.jpg 300w, https:\/\/bitte.kaufen\/magazin\/wp-content\/uploads\/2021\/10\/sarah-depold-seo-kurse-150x150.jpg 150w, https:\/\/bitte.kaufen\/magazin\/wp-content\/uploads\/2021\/10\/sarah-depold-seo-kurse-500x500.jpg 500w, https:\/\/bitte.kaufen\/magazin\/wp-content\/uploads\/2021\/10\/sarah-depold-seo-kurse-700x700.jpg 700w\" sizes=\"(max-width: 1200px) 100vw, 1200px\" \/><\/figure><div class=\"wp-block-media-text__content\">\n<p class=\"has-text-color\" style=\"color:#ff6461;font-size:28px\">Ich bin Sarah und seit 2008 im Online-Marketing unterwegs. Ich schreibe Texte, k\u00fcmmere mich ums Marketing und alle Anliegen unserer Wunschzettel-Nutzer:innen. \u2764\ufe0f<\/p>\n<\/div><\/div>\n\n\n\n<ul class=\"wp-block-list\">\n<li>Selbstst\u00e4ndige Bloggerin &amp; SEO-Expertin<\/li>\n\n\n\n<li>Ab 2010: Bloggerin Mamaskind.de<\/li>\n\n\n\n<li>ab 2022 wurde meine Marke Mamaskind Teil des bitte.kaufen-Elternblogs<\/li>\n\n\n\n<li>Ab 2019: Gr\u00fcnderin <a href=\"https:\/\/bitte.kaufen\/\" target=\"_blank\" rel=\"noreferrer noopener\">bitte.kaufen<\/a><\/li>\n\n\n\n<li>Ab 2021: SEO-Kurse auf <a href=\"https:\/\/sarah-depold.de\" target=\"_blank\" rel=\"noreferrer noopener\">sarah-depold.de<\/a><\/li>\n\n\n\n<li>3 Kinder (2010, 2014, 2017)<\/li>\n\n\n\n<li>Abschluss B.Sc. BWL Bachelor, beste Absolventin 2011<\/li>\n<\/ul>\n\n\n\n<h2 class=\"wp-block-heading\">Sascha Depold - Entwickler von bitte.kaufen-App &amp; Website<\/h2>\n\n\n\n<div class=\"wp-block-media-text alignwide is-stacked-on-mobile is-image-fill-element\"><figure class=\"wp-block-media-text__media\"><img decoding=\"async\" width=\"400\" height=\"400\" src=\"https:\/\/bitte.kaufen\/magazin\/wp-content\/uploads\/2022\/06\/sascha-depold.jpeg\" alt=\"\" class=\"wp-image-24314 size-full\" style=\"object-position:50% 50%\" srcset=\"https:\/\/bitte.kaufen\/magazin\/wp-content\/uploads\/2022\/06\/sascha-depold.jpeg 400w, https:\/\/bitte.kaufen\/magazin\/wp-content\/uploads\/2022\/06\/sascha-depold-300x300.jpeg 300w, https:\/\/bitte.kaufen\/magazin\/wp-content\/uploads\/2022\/06\/sascha-depold-150x150.jpeg 150w\" sizes=\"(max-width: 400px) 100vw, 400px\" \/><\/figure><div class=\"wp-block-media-text__content\">\n<p class=\"has-text-color\" style=\"color:#ff6461;font-size:28px\">Sascha ist der Entwickler der bitte.kaufen Wunschzettel-App und arbeitet in seiner Freizeit am Projekt.<\/p>\n\n\n\n<p>\"I'm a Manager, a Software Engineer, a Craftsman and a Father of Three\" - Sascha Depold<\/p>\n<\/div><\/div>\n\n\n\n<h2 class=\"wp-block-heading\" id=\"h-was-wir-lieben-design\">Was wir lieben: Design<\/h2>\n\n\n\n<p>Vor allem nicht altbacken soll <strong>bitte.kaufen <\/strong>aussehen. Modern, aber nicht zu \u00fcberladen. Das gilt sowohl f\u00fcr die Website als auch f\u00fcr die App, die man bequem per Smartphone bedienen kann.<\/p>\n\n\n<div class=\"wp-block-image is-resized\">\n<figure class=\"aligncenter size-full\"><img decoding=\"async\" width=\"437\" height=\"563\" src=\"https:\/\/bitte.kaufen\/magazin\/wp-content\/uploads\/2019\/12\/kleinkind-ostern-bitte-kaufen.jpg\" alt=\"Schokolade zu Ostern? Oder gibt es noch bessere Geschenkideen? - bitte.kaufen\" class=\"wp-image-23\" srcset=\"https:\/\/bitte.kaufen\/magazin\/wp-content\/uploads\/2019\/12\/kleinkind-ostern-bitte-kaufen.jpg 437w, https:\/\/bitte.kaufen\/magazin\/wp-content\/uploads\/2019\/12\/kleinkind-ostern-bitte-kaufen-233x300.jpg 233w\" sizes=\"(max-width: 437px) 100vw, 437px\" \/><figcaption class=\"wp-element-caption\">Schokolade zu Ostern? Oder gibt es noch bessere  Geschenkideen? - bitte.kaufen<\/figcaption><\/figure>\n<\/div>\n\n\n<h2 class=\"wp-block-heading\" id=\"h-was-wir-bieten-geschenkideen-f-r-kinder-familien\">Was wir bieten: Geschenkideen f\u00fcr Kinder &amp; Familien<\/h2>\n\n\n\n<p>Gerade beim dritten Kind fiel mir oft nichts mehr ein, was die Verwandten schenken k\u00f6nnten. Daher stellen wir nach und nach tolle <strong>Geschenkideen auf bitte.kaufen<\/strong> vor. Eben Dinge, die wir selbst kaufen und verwenden w\u00fcrden. So soll irgendwann ein kleines Magazin mit tollen Ideen f\u00fcr Geburtstags- und Weihnachtsgeschenke entstehen. <\/p>\n\n\n\n<p>Falls die Listen mal leer sind und Oma und Opa oder die Freunde dennoch einen kleinen Hinweis f\u00fcr bestimmte Altersgruppen brauchen: Wir helfen euch gerne.<\/p>\n\n\n\n<h2 class=\"wp-block-heading\"><strong>Hier kommst du zu weiteren Seiten:<\/strong><\/h2>\n\n\n\n<p>Schau nach, wo bitte.kaufen und Mamaskind.de (so hie\u00df unser Elternblog vorher) bereits erschienen ist:<\/p>\n\n\n\n<ul class=\"wp-block-list\">\n<li><a href=\"https:\/\/bitte.kaufen\/magazin\/presse\/\" data-type=\"page\" data-id=\"21541\">Presse<\/a><\/li>\n\n\n\n<li><a href=\"https:\/\/bitte.kaufen\/magazin\/faq\/\" data-type=\"page\" data-id=\"386\">FAQ zu bitte.kaufen - Mein Wunschzettel<\/a><\/li>\n\n\n\n<li><a href=\"https:\/\/bitte.kaufen\/magazin\/\">bitte.kaufen Elternblog<\/a><\/li>\n\n\n\n<li><a href=\"https:\/\/feedback.bitte.kaufen\/\">Feature-Liste &amp; Feedback<\/a><\/li>\n\n\n\n<li><a href=\"https:\/\/bitte.kaufen\/magazin\/kontakt\/\">Zur Kontakt-Seite<\/a><\/li>\n\n\n\n<li><a href=\"https:\/\/bitte.kaufen\/magazin\/kooperationen\/\" data-type=\"page\" data-id=\"1478\">Zum Media-Kit f\u00fcr Kooperationen<\/a><\/li>\n<\/ul>\n","protected":false},"excerpt":{"rendered":"<p>\u00dcber uns - bitte.kaufen bitte.kaufen ist unser Herzensprojekt, das aus Mamaskind entstand, meinem Elternblog. Jedes Jahr werden wir gleich mehrfach gefragt, was sich unsere Kinder w\u00fcnschen. Bei drei Kindern und so vielen Anl\u00e4ssen kommt das regelm\u00e4\u00dfig vor. Das Problem: Es gab f\u00fcr uns keinen Online-Wunschzettel, der unseren Anspr\u00fcchen gen\u00fcgte. Deshalb bastelten wir mit bitte.kaufen selbst [&hellip;]<\/p>\n","protected":false},"author":1,"featured_media":16299,"parent":0,"menu_order":0,"comment_status":"closed","ping_status":"closed","template":"","meta":{"wprm-recipe-roundup-name":"","wprm-recipe-roundup-description":"","footnotes":""},"class_list":["post-16","page","type-page","status-publish","has-post-thumbnail","hentry"],"_links":{"self":[{"href":"https:\/\/bitte.kaufen\/magazin\/wp-json\/wp\/v2\/pages\/16","targetHints":{"allow":["GET"]}}],"collection":[{"href":"https:\/\/bitte.kaufen\/magazin\/wp-json\/wp\/v2\/pages"}],"about":[{"href":"https:\/\/bitte.kaufen\/magazin\/wp-json\/wp\/v2\/types\/page"}],"author":[{"embeddable":true,"href":"https:\/\/bitte.kaufen\/magazin\/wp-json\/wp\/v2\/users\/1"}],"replies":[{"embeddable":true,"href":"https:\/\/bitte.kaufen\/magazin\/wp-json\/wp\/v2\/comments?post=16"}],"version-history":[{"count":13,"href":"https:\/\/bitte.kaufen\/magazin\/wp-json\/wp\/v2\/pages\/16\/revisions"}],"predecessor-version":[{"id":31807,"href":"https:\/\/bitte.kaufen\/magazin\/wp-json\/wp\/v2\/pages\/16\/revisions\/31807"}],"wp:featuredmedia":[{"embeddable":true,"href":"https:\/\/bitte.kaufen\/magazin\/wp-json\/wp\/v2\/media\/16299"}],"wp:attachment":[{"href":"https:\/\/bitte.kaufen\/magazin\/wp-json\/wp\/v2\/media?parent=16"}],"curies":[{"name":"wp","href":"https:\/\/api.w.org\/{rel}","templated":true}]}}